{"id":9883,"date":"2025-12-18T07:26:08","date_gmt":"2025-12-18T07:26:08","guid":{"rendered":"https:\/\/www.ceese.es\/material-electrico\/?page_id=9883"},"modified":"2026-04-10T06:18:21","modified_gmt":"2026-04-10T06:18:21","slug":"serie-alboran","status":"publish","type":"page","link":"https:\/\/www.ceese.es\/material-electrico\/serie-alboran\/","title":{"rendered":"SERIE ALBOR\u00c1N"},"content":{"rendered":"<p>[et_pb_section fb_built=\u00bb1&#8243; admin_label=\u00bbHeader\u00bb _builder_version=\u00bb4.26.0&#8243; _module_preset=\u00bbdefault\u00bb use_background_color_gradient=\u00bbon\u00bb background_color_gradient_stops=\u00bbrgba(10,10,10,0.5) 0%|rgba(0,0,0,0.6) 100%\u00bb background_color_gradient_overlays_image=\u00bbon\u00bb background_image=\u00bbhttps:\/\/www.ceese.es\/material-electrico\/wp-content\/uploads\/2025\/11\/Ambiente-ALBORAN-4-scaled.jpg\u00bb min_height=\u00bb697.1px\u00bb custom_padding=\u00bb10vw||10vw||true|false\u00bb collapsed=\u00bbon\u00bb global_colors_info=\u00bb{}\u00bb][et_pb_row _builder_version=\u00bb4.24.3&#8243; _module_preset=\u00bbdefault\u00bb width=\u00bb50%\u00bb width_tablet=\u00bb80%\u00bb width_phone=\u00bb80%\u00bb width_last_edited=\u00bbon|desktop\u00bb max_width=\u00bbnone\u00bb global_colors_info=\u00bb{}\u00bb][et_pb_column type=\u00bb4_4&#8243; _builder_version=\u00bb4.24.3&#8243; _module_preset=\u00bbdefault\u00bb global_colors_info=\u00bb{}\u00bb][et_pb_heading title=\u00bbSERIE ALBOR\u00c1N\u00bb _builder_version=\u00bb4.24.3&#8243; _module_preset=\u00bb0569fa98-c645-46e8-97d1-fbe009192508&#8243; title_text_align=\u00bbcenter\u00bb title_text_color=\u00bb#FFFFFF\u00bb title_font_size=\u00bb5vw\u00bb global_colors_info=\u00bb{}\u00bb][\/et_pb_heading][\/et_pb_column][\/et_pb_row][\/et_pb_section][et_pb_section fb_built=\u00bb1&#8243; admin_label=\u00bbAbout\u00bb _builder_version=\u00bb4.24.3&#8243; _module_preset=\u00bbdefault\u00bb collapsed=\u00bbon\u00bb global_colors_info=\u00bb{}\u00bb][et_pb_row column_structure=\u00bb1_3,1_3,1_3&#8243; _builder_version=\u00bb4.24.3&#8243; _module_preset=\u00bbdefault\u00bb max_width=\u00bbnone\u00bb global_colors_info=\u00bb{}\u00bb][et_pb_column type=\u00bb1_3&#8243; _builder_version=\u00bb4.24.3&#8243; _module_preset=\u00bbdefault\u00bb global_colors_info=\u00bb{}\u00bb][et_pb_heading title=\u00bbDise\u00f1o moderno y f\u00e1cil de instalar\u00bb _builder_version=\u00bb4.26.0&#8243; _module_preset=\u00bb3ce81f1c-7e1f-4be4-b90a-765250babcac\u00bb title_text_color=\u00bbgcid-3e82fe58-3361-44dd-bc2e-cecf457b1359&#8243; title_font_size=\u00bb3vw\u00bb global_colors_info=\u00bb{%22gcid-3e93bdc5-146d-448e-a761-9f1b4dd51113%22:%91%22link_text_color%22,%22quote_border_color%22,%22link_text_color%22,%22quote_border_color%22,%22link_text_color%22,%22quote_border_color%22,%22link_text_color%22,%22quote_border_color%22,%22link_text_color%22,%22quote_border_color%22,%22link_text_color%22,%22quote_border_color%22,%22link_text_color%22,%22quote_border_color%22%93,%22gcid-c7d8f091-13fc-48ff-a161-01fd58ed72d5%22:%91%22quote_text_color%22,%22quote_text_color%22,%22quote_text_color%22,%22quote_text_color%22,%22quote_text_color%22,%22quote_text_color%22,%22quote_text_color%22,%22quote_text_color%22,%22quote_text_color%22%93,%22gcid-3e82fe58-3361-44dd-bc2e-cecf457b1359%22:%91%22title_text_color%22%93,%22gcid-primary-color%22:%91%22title_text_color%22%93}\u00bb][\/et_pb_heading][et_pb_text _builder_version=\u00bb4.24.3&#8243; _module_preset=\u00bbf619ce22-e647-4a16-ba8a-328a52886a82&#8243; global_colors_info=\u00bb{}\u00bb]<\/p>\n<p data-start=\"157\" data-end=\"472\">La Colecci\u00f3n Albor\u00e1n se caracteriza por la perfecta armon\u00eda crom\u00e1tica entre placa y marco, realzada por un moderno perfil recto que aporta un acabado limpio y contempor\u00e1neo. Es una soluci\u00f3n ideal para viviendas de vanguardia, concebida con un enfoque claro en la comodidad y en la eficiencia durante la instalaci\u00f3n.<\/p>\n<p data-start=\"474\" data-end=\"689\">Adem\u00e1s, sus marcos incorporan patillas de enganche que simplifican notablemente el montaje, permitiendo a los profesionales ahorrar tiempo y reducir esfuerzos en obra, optimizando as\u00ed todo el proceso de instalaci\u00f3n.<\/p>\n<p>[\/et_pb_text][\/et_pb_column][et_pb_column type=\u00bb1_3&#8243; _builder_version=\u00bb4.24.3&#8243; _module_preset=\u00bbdefault\u00bb global_colors_info=\u00bb{}\u00bb][et_pb_image src=\u00bbhttps:\/\/www.ceese.es\/material-electrico\/wp-content\/uploads\/2025\/11\/Ambiente-ALBORAN-2.jpg\u00bb title_text=\u00bbAmbiente ALBORAN 2&#8243; _builder_version=\u00bb4.26.0&#8243; _module_preset=\u00bbdefault\u00bb global_colors_info=\u00bb{}\u00bb][\/et_pb_image][\/et_pb_column][et_pb_column type=\u00bb1_3&#8243; _builder_version=\u00bb4.24.3&#8243; _module_preset=\u00bbdefault\u00bb global_colors_info=\u00bb{}\u00bb][et_pb_image src=\u00bbhttps:\/\/www.ceese.es\/material-electrico\/wp-content\/uploads\/2025\/11\/montaje-serie-alboran-scaled.jpg\u00bb title_text=\u00bbmontaje serie alboran\u00bb _builder_version=\u00bb4.26.0&#8243; _module_preset=\u00bbdefault\u00bb global_colors_info=\u00bb{}\u00bb][\/et_pb_image][\/et_pb_column][\/et_pb_row][\/et_pb_section][et_pb_section fb_built=\u00bb1&#8243; admin_label=\u00bbContact Info\u00bb _builder_version=\u00bb4.26.0&#8243; _module_preset=\u00bbdefault\u00bb background_enable_color=\u00bboff\u00bb background_image=\u00bbhttps:\/\/www.ceese.es\/material-electrico\/wp-content\/uploads\/2025\/11\/annie-spratt-0ZPSX_mQ3xI-unsplash.jpg\u00bb parallax=\u00bbon\u00bb custom_padding=\u00bb6vw|10vw||10vw|false|true\u00bb collapsed=\u00bbon\u00bb global_colors_info=\u00bb{}\u00bb][et_pb_row _builder_version=\u00bb4.26.0&#8243; _module_preset=\u00bbdefault\u00bb width=\u00bb100%\u00bb max_width=\u00bb1450px\u00bb module_alignment=\u00bbright\u00bb scroll_vertical_motion_enable=\u00bbon\u00bb scroll_vertical_motion=\u00bb0|50|50|100|1|0|-1&#8243; global_colors_info=\u00bb{}\u00bb][et_pb_column type=\u00bb4_4&#8243; _builder_version=\u00bb4.26.0&#8243; _module_preset=\u00bbdefault\u00bb background_color=\u00bbRGBA(255,255,255,0)\u00bb global_colors_info=\u00bb{}\u00bb][et_pb_image src=\u00bbhttps:\/\/www.ceese.es\/material-electrico\/wp-content\/uploads\/2025\/11\/colores-alboran-1.png\u00bb title_text=\u00bbcolores alboran\u00bb _builder_version=\u00bb4.26.0&#8243; _module_preset=\u00bbdefault\u00bb global_colors_info=\u00bb{}\u00bb][\/et_pb_image][\/et_pb_column][\/et_pb_row][\/et_pb_section][et_pb_section fb_built=\u00bb1&#8243; admin_label=\u00bbGallery\u00bb _builder_version=\u00bb4.24.3&#8243; _module_preset=\u00bbdefault\u00bb saved_tabs=\u00bball\u00bb collapsed=\u00bbon\u00bb global_colors_info=\u00bb{}\u00bb][et_pb_row column_structure=\u00bb1_4,1_4,1_4,1_4&#8243; use_custom_gutter=\u00bbon\u00bb gutter_width=\u00bb2&#8243; _builder_version=\u00bb4.24.3&#8243; _module_preset=\u00bbdefault\u00bb max_width=\u00bbnone\u00bb global_colors_info=\u00bb{}\u00bb][et_pb_column type=\u00bb1_4&#8243; _builder_version=\u00bb4.24.3&#8243; _module_preset=\u00bbdefault\u00bb global_colors_info=\u00bb{}\u00bb][et_pb_image src=\u00bbhttps:\/\/www.ceese.es\/material-electrico\/wp-content\/uploads\/2025\/11\/7620-01.jpg\u00bb title_text=\u00bb7620-01&#8243; show_in_lightbox=\u00bbon\u00bb use_overlay=\u00bbon\u00bb overlay_icon_color=\u00bbgcid-3e93bdc5-146d-448e-a761-9f1b4dd51113&#8243; _builder_version=\u00bb4.26.0&#8243; _module_preset=\u00bbdefault\u00bb global_colors_info=\u00bb{%22gcid-3e93bdc5-146d-448e-a761-9f1b4dd51113%22:%91%22overlay_icon_color%22%93}\u00bb][\/et_pb_image][\/et_pb_column][et_pb_column type=\u00bb1_4&#8243; _builder_version=\u00bb4.24.3&#8243; _module_preset=\u00bbdefault\u00bb global_colors_info=\u00bb{}\u00bb][et_pb_image src=\u00bbhttps:\/\/www.ceese.es\/material-electrico\/wp-content\/uploads\/2025\/11\/Montaje-ALBORAN-2.jpg\u00bb title_text=\u00bbMontaje ALBORAN 2&#8243; show_in_lightbox=\u00bbon\u00bb use_overlay=\u00bbon\u00bb overlay_icon_color=\u00bbgcid-3e93bdc5-146d-448e-a761-9f1b4dd51113&#8243; _builder_version=\u00bb4.26.0&#8243; _module_preset=\u00bbdefault\u00bb locked=\u00bboff\u00bb global_colors_info=\u00bb{%22gcid-3e93bdc5-146d-448e-a761-9f1b4dd51113%22:%91%22overlay_icon_color%22%93}\u00bb][\/et_pb_image][\/et_pb_column][et_pb_column type=\u00bb1_4&#8243; _builder_version=\u00bb4.24.3&#8243; _module_preset=\u00bbdefault\u00bb global_colors_info=\u00bb{}\u00bb][et_pb_image src=\u00bbhttps:\/\/www.ceese.es\/material-electrico\/wp-content\/uploads\/2025\/11\/7120-71.jpg\u00bb title_text=\u00bb7120-71&#8243; show_in_lightbox=\u00bbon\u00bb use_overlay=\u00bbon\u00bb overlay_icon_color=\u00bbgcid-3e93bdc5-146d-448e-a761-9f1b4dd51113&#8243; _builder_version=\u00bb4.26.0&#8243; _module_preset=\u00bbdefault\u00bb locked=\u00bboff\u00bb global_colors_info=\u00bb{%22gcid-3e93bdc5-146d-448e-a761-9f1b4dd51113%22:%91%22overlay_icon_color%22%93}\u00bb][\/et_pb_image][\/et_pb_column][et_pb_column type=\u00bb1_4&#8243; _builder_version=\u00bb4.24.3&#8243; _module_preset=\u00bbdefault\u00bb global_colors_info=\u00bb{}\u00bb][et_pb_image src=\u00bbhttps:\/\/www.ceese.es\/material-electrico\/wp-content\/uploads\/2025\/11\/Montaje-ALBORAN-8.jpg\u00bb title_text=\u00bbMontaje ALBORAN 8&#8243; show_in_lightbox=\u00bbon\u00bb use_overlay=\u00bbon\u00bb overlay_icon_color=\u00bbgcid-3e93bdc5-146d-448e-a761-9f1b4dd51113&#8243; _builder_version=\u00bb4.26.0&#8243; _module_preset=\u00bbdefault\u00bb locked=\u00bboff\u00bb global_colors_info=\u00bb{%22gcid-3e93bdc5-146d-448e-a761-9f1b4dd51113%22:%91%22overlay_icon_color%22%93}\u00bb][\/et_pb_image][\/et_pb_column][\/et_pb_row][\/et_pb_section][et_pb_section fb_built=\u00bb1&#8243; _builder_version=\u00bb4.26.0&#8243; _module_preset=\u00bbdefault\u00bb background_color=\u00bb#D6D6D6&#8243; custom_margin=\u00bb||10px||false|false\u00bb global_colors_info=\u00bb{}\u00bb][et_pb_row column_structure=\u00bb1_2,1_2&#8243; _builder_version=\u00bb4.26.0&#8243; _module_preset=\u00bbdefault\u00bb global_colors_info=\u00bb{}\u00bb][et_pb_column type=\u00bb1_2&#8243; _builder_version=\u00bb4.26.0&#8243; _module_preset=\u00bbdefault\u00bb global_colors_info=\u00bb{}\u00bb][et_pb_image src=\u00bbhttps:\/\/www.ceese.es\/material-electrico\/wp-content\/uploads\/2025\/12\/N-AENOR.png\u00bb title_text=\u00bbN AENOR\u00bb align=\u00bbcenter\u00bb _builder_version=\u00bb4.26.0&#8243; _module_preset=\u00bbdefault\u00bb width=\u00bb20%\u00bb global_colors_info=\u00bb{}\u00bb][\/et_pb_image][\/et_pb_column][et_pb_column type=\u00bb1_2&#8243; _builder_version=\u00bb4.26.0&#8243; _module_preset=\u00bbdefault\u00bb global_colors_info=\u00bb{}\u00bb][et_pb_text _builder_version=\u00bb4.26.0&#8243; _module_preset=\u00bbdefault\u00bb text_orientation=\u00bbcenter\u00bb global_colors_info=\u00bb{}\u00bb]<\/p>\n<p>Mecanismos y tomas de corriente certificados por AENOR<\/p>\n<p>[\/et_pb_text][et_pb_button button_url=\u00bbhttps:\/\/www.ceese.es\/material-electrico\/wp-content\/uploads\/2026\/04\/CERTIFICADOS-AENOR-S.-ALBORAN.pdf\u00bb url_new_window=\u00bbon\u00bb button_text=\u00bbDescargar certificados\u00bb button_alignment=\u00bbcenter\u00bb _builder_version=\u00bb4.26.0&#8243; _module_preset=\u00bbdefault\u00bb custom_button=\u00bbon\u00bb button_text_size=\u00bb16px\u00bb button_text_color=\u00bbgcid-3e82fe58-3361-44dd-bc2e-cecf457b1359&#8243; button_bg_color=\u00bbRGBA(255,255,255,0)\u00bb button_border_width=\u00bb1px\u00bb button_border_color=\u00bbgcid-3e82fe58-3361-44dd-bc2e-cecf457b1359&#8243; button_border_radius=\u00bb0px\u00bb button_font=\u00bb&#8211;et_global_heading_font|500|||||||\u00bb button_icon=\u00bb&#x3d;||divi||400&#8243; hover_enabled=\u00bb0&#8243; global_colors_info=\u00bb{%22gcid-3e82fe58-3361-44dd-bc2e-cecf457b1359%22:%91%22button_text_color%22,%22button_border_color%22%93}\u00bb sticky_enabled=\u00bb0&#8243;][\/et_pb_button][\/et_pb_column][\/et_pb_row][\/et_pb_section][et_pb_section fb_built=\u00bb1&#8243; admin_label=\u00bbCall to Action\u00bb _builder_version=\u00bb4.26.0&#8243; _module_preset=\u00bbdefault\u00bb background_enable_color=\u00bboff\u00bb use_background_color_gradient=\u00bbon\u00bb background_color_gradient_stops=\u00bbrgba(0,0,0,0.1) 0%|rgba(0,0,0,0.1) 98%\u00bb background_color_gradient_overlays_image=\u00bbon\u00bb background_image=\u00bbhttps:\/\/www.ceese.es\/material-electrico\/wp-content\/uploads\/2025\/11\/catalogo-scaled.jpg\u00bb parallax=\u00bbon\u00bb custom_padding=\u00bb10vw||10vw||true|false\u00bb collapsed=\u00bbon\u00bb global_colors_info=\u00bb{}\u00bb][et_pb_row _builder_version=\u00bb4.24.3&#8243; _module_preset=\u00bbdefault\u00bb global_colors_info=\u00bb{}\u00bb][et_pb_column type=\u00bb4_4&#8243; _builder_version=\u00bb4.24.3&#8243; _module_preset=\u00bbdefault\u00bb global_colors_info=\u00bb{}\u00bb][et_pb_button button_url=\u00bbhttps:\/\/www.ceese.es\/material-electrico\/wp-content\/uploads\/2026\/01\/CEESE-TARIFA-GENERAL-2026-9000000126-ED.1_WEB.pdf\u00bb url_new_window=\u00bbon\u00bb button_text=\u00bbVer tarifa de precios\u00bb button_alignment=\u00bbcenter\u00bb _builder_version=\u00bb4.26.0&#8243; _module_preset=\u00bb2c398c21-1545-48e2-8e66-5a837cab2cd2&#8243; button_bg_color=\u00bbgcid-primary-color\u00bb locked=\u00bboff\u00bb global_colors_info=\u00bb{%22gcid-primary-color%22:%91%22button_bg_color%22%93}\u00bb][\/et_pb_button][\/et_pb_column][\/et_pb_row][\/et_pb_section]<\/p>\n","protected":false},"excerpt":{"rendered":"<p>La Colecci\u00f3n Albor\u00e1n se caracteriza por la perfecta armon\u00eda crom\u00e1tica entre placa y marco, realzada por un moderno perfil recto que aporta un acabado limpio y contempor\u00e1neo. Es una soluci\u00f3n ideal para viviendas de vanguardia, concebida con un enfoque claro en la comodidad y en la eficiencia durante la instalaci\u00f3n. Adem\u00e1s, sus marcos incorporan patillas [&hellip;]<\/p>\n","protected":false},"author":2,"featured_media":0,"parent":0,"menu_order":0,"comment_status":"closed","ping_status":"closed","template":"","meta":{"_et_pb_use_builder":"on","_et_pb_old_content":"","_et_gb_content_width":"","footnotes":""},"class_list":["post-9883","page","type-page","status-publish","hentry"],"_links":{"self":[{"href":"https:\/\/www.ceese.es\/material-electrico\/wp-json\/wp\/v2\/pages\/9883","targetHints":{"allow":["GET"]}}],"collection":[{"href":"https:\/\/www.ceese.es\/material-electrico\/wp-json\/wp\/v2\/pages"}],"about":[{"href":"https:\/\/www.ceese.es\/material-electrico\/wp-json\/wp\/v2\/types\/page"}],"author":[{"embeddable":true,"href":"https:\/\/www.ceese.es\/material-electrico\/wp-json\/wp\/v2\/users\/2"}],"replies":[{"embeddable":true,"href":"https:\/\/www.ceese.es\/material-electrico\/wp-json\/wp\/v2\/comments?post=9883"}],"version-history":[{"count":4,"href":"https:\/\/www.ceese.es\/material-electrico\/wp-json\/wp\/v2\/pages\/9883\/revisions"}],"predecessor-version":[{"id":10171,"href":"https:\/\/www.ceese.es\/material-electrico\/wp-json\/wp\/v2\/pages\/9883\/revisions\/10171"}],"wp:attachment":[{"href":"https:\/\/www.ceese.es\/material-electrico\/wp-json\/wp\/v2\/media?parent=9883"}],"curies":[{"name":"wp","href":"https:\/\/api.w.org\/{rel}","templated":true}]}}